-182
Let m(s) = -s**3 + 19*s**2 - 73*s - 159. Determine m(11).
6
Let q(p) = -460*p + 6451. What is q(14)?
11
Let g(b) = -3*b**2 + 57*b - 672. Calculate g(16).
-528
Let j(i) = -i**2 - 2*i + 176. Calculate j(15).
-79
Let y(h) = 12*h - 356. Give y(30).
4
Let j(y) = -315*y - 4092. Give j(-13).
3
Let z(s) = 2*s**2 - 40*s - 16. Determine z(12).
-208
Let a(j) = -3*j**2 - 181*j - 387. Determine a(-58).
19
Let l(f) = 48*f - 381. Calculate l(6).
-93
Let q(u) = 322*u + 330. Calculate q(-1).
8
Let u(d) = 27*d + 461. Determine u(-14).
83
Let j(s) = s**2 - 31*s + 262. What is j(15)?
22
Let o(b) = 7*b**3 + 38*b**2 + 50*b + 13. Calculate o(-1).
-6
Let p(i) = 2*i**3 + 55*i**2 + 240*i - 45. What is p(-22)?
-1
Let g(r) = -2*r**3 - 45*r**2 + 25*r - 45. Determine g(-23).
-91
Let n(h) = -309*h - 3534. Give n(-12).
174
Let b(o) = 2*o**3 - 131*o**2 + 85*o - 1287. What is b(65)?
13
Let h(l) = l**2 + 472*l + 3268. Determine h(-7).
13
Let n(d) = 2*d**3 - 28*d**2 + 90*d + 40. Calculate n(10).
140
Let v(t) = 11*t**2 - 53*t - 23. What is v(4)?
-59
Let u(m) = -m**3 - 31*m**2 - 61*m - 98. Give u(-29).
-11
Let z(m) = -m**3 - 43*m**2 - 38*m + 119. Determine z(-42).
-49
Let v(n) = n**3 + 8*n**2 - 26*n - 104. Calculate v(5).
91
Let z(g) = -g**3 - 12*g**2 + 14*g + 65. Calculate z(-13).
52
Let h(c) = -c**2 + 28*c + 47. What is h(27)?
74
Let d(g) = -812*g - 3271. Determine d(-4).
-23
Let z(y) = -y**3 + 25*y**2 + 25*y + 48. Determine z(26).
22
Let i(t) = -34*t - 64. What is i(5)?
-234
Let d(r) = 3*r**2 - 209*r + 1319. What is d(7)?
3
Let k(h) = 111*h + 3561. Determine k(-32).
9
Let p(f) = 45*f + 113. Determine p(-3).
-22
Let t(w) = -9*w**3 + 2*w**2 + 42*w - 42. Determine t(1).
-7
Let q(n) = -n**3 - 24*n**2 - 17*n + 46. What is q(-23)?
-92
Let s(o) = -6*o**2 - 94*o + 2244. Determine s(13).
8
Let s(l) = -l**2 + 96*l - 1538. What is s(76)?
-18
Let l(f) = 27*f + 251. Calculate l(-10).
-19
Let s(h) = 7*h + 38. Give s(-1).
31
Let q(b) = 6*b**2 - 10*b - 6. Give q(2).
-2
Let a(g) = 2*g**3 - 9*g. Determine a(3).
27
Let v(i) = -i**2 + 12*i - 55. Give v(10).
-35
Let j(z) = z**3 + 8*z**2 + 4*z + 116. Determine j(-9).
-1
Let d(c) = -14*c**2 + 146*c - 366. Give d(6).
6
Let c(f) = 43235*f - 43229. Calculate c(1).
6
Let j(u) = -134*u - 1605. Calculate j(-12).
3
Let n(w) = w**3 + 33*w**2 - 180*w + 342. What is n(-38)?
-38
Let t(h) = h**3 + 52*h**2 - 220*h + 129. Give t(-56).
-95
Let j(d) = d**3 + 16*d**2 - 215*d + 1163. Determine j(-26).
-7
Let i(w) = 85*w - 97. Give i(3).
158
Let s(w) = 88*w**2 + 689*w - 19. Give s(-8).
101
Let s(o) = -o**3 - 2*o**2 - 3*o + 35. Determine s(3).
-19
Let z(n) = n**3 + 34*n**2 + 126*n - 69. Determine z(-30).
-249
Let r(w) = -4*w**2 + 30*w. What is r(5)?
50
Let y(m) = 9*m**3 + 10*m**2 - 4*m - 5. Give y(-4).
-405
Let v(d) = -d**3 + 231*d**2 - 220*d - 2320. Determine v(230).
-20
Let h(n) = 14*n**2 + 768*n - 81. Determine h(-55).
29
Let w(a) = a**3 - 55*a**2 - 113*a - 72. Determine w(57).
-15
Let y(c) = -c**3 - 8*c**2 + 5*c - 42. Give y(-9).
-6
Let i(g) = 23*g**2 + 4*g + 7. Calculate i(-1).
26
Let p(x) = 25*x + 34. Calculate p(4).
134
Let r(y) = -37*y**2 - 211*y + 68. Give r(-6).
2
Let t(r) = -57*r**2 - 680*r - 60. What is t(-12)?
-108
Let h(n) = 56*n + 1024. Give h(-18).
16
Let k(c) = 4*c**2 + 101*c - 1365. Determine k(11).
230
Let d(w) = -55*w - 3. What is d(-4)?
217
Let n(z) = -11*z - 215. Determine n(-19).
-6
Let d(v) = -2*v**2 + 49*v - 58. What is d(11)?
239
Let q(v) = -10*v**2 + 17*v - 6. What is q(2)?
-12
Let n(d) = -d**3 + 9*d**2 + 3*d + 19. Calculate n(11).
-190
Let i(a) = -a**3 + 60*a**2 - 226*a + 56. Give i(56).
-56
Let m(c) = -c**2 - 54*c + 5. Determine m(0).
5
Let l(g) = g**2 + 129*g + 861. Give l(-7).
7
Let n(v) = -v**2 + 365*v - 33224. Calculate n(192).
-8
Let o(k) = -k**3 + 18*k**2 - k + 3. Give o(18).
-15
Let a(x) = 25*x + 511. Calculate a(-44).
-589
Let d(b) = -b**3 + 4*b**2 + 35*b - 15. Give d(8).
9
Let m(v) = -67*v + 1824. What is m(27)?
15
Let q(h) = -3*h + 60. Determine q(0).
60
Let q(h) = 37*h - 177. Give q(5).
8
Let c(n) = n**3 + 30*n**2 - 105*n - 140. Determine c(-33).
58
Let h(y) = 59*y + 1177. Determine h(-24).
-239
Let b(i) = 2*i**2 + 20*i + 50. Calculate b(-7).
8
Let f(o) = 2*o**3 - 37*o**2 + 226*o - 451. Calculate f(6).
5
Let s(l) = -131*l - 20434. Determine s(-156).
2
Let x(o) = o**3 + 23*o**2 + 15*o - 147. What is x(-22)?
7
Let p(d) = 2*d**2 + 330*d + 12516. Determine p(-106).
8
Let m(d) = 2*d + 147. What is m(-67)?
13
Let x(y) = -y**2 + 19*y - 18. Calculate x(14).
52
Let i(u) = -6*u - 341. Calculate i(-54).
-17
Let m(d) = 909*d + 3650. What is m(-4)?
14
Let l(q) = -2970*q + 29711. What is l(10)?
11
Let j(t) = -t**3 - 25*t**2 + 16*t + 349. What is j(-25)?
-51
Let v(w) = -118*w + 3064. Determine v(26).
-4
Let c(j) = -j**2 + 30*j - 65. What is c(23)?
96
Let j(h) = h**2 + 3*h - 747. What is j(-29)?
7
Let t(s) = s**2 + 22*s - 79. Calculate t(-24).
-31
Let p(y) = -12*y**2 - 5*y + 28. Determine p(-4).
-144
Let s(x) = x**2 + 27*x + 39. Determine s(-4).
-53
Let y(q) = 2*q**2 + 46*q + 22. Determine y(-22).
-22
Let k(u) = 23*u**2 + 67*u + 265. Calculate k(-4).
365
Let n(y) = 454*y - 7275. Give n(16).
-11
Let p(a) = -6*a - 287. What is p(0)?
-287
Let p(i) = -i**2 + 172*i + 2011. Give p(-11).
-2
Let w(i) = i**3 - 44*i**2 + 4*i - 196. Give w(44).
-20
Let p(u) = -2*u**3 + 104*u**2 - 380*u - 193. Determine p(48).
-1
Let f(g) = 103*g**2 + 297*g - 39. Determine f(-3).
-3
Let v(h) = 9*h**2 - 989*h + 26425. What is v(64)?
-7
Let p(g) = -g**2 + 57*g - 209. What is p(53)?
3
Let r(z) = -1502*z - 6065. Give r(-4).
-57
Let c(b) = -21*b**2 - 8*b + 10. Calculate c(1).
-19
Let n(a) = -a**3 - 14*a**2 - 39*a + 39. Calculate n(-5).
9
Let b(l) = 6*l**3 - 331*l**2 + 340*l - 8. Give b(1).
7
Let i(d) = d**2 - 32*d - 168. Determine i(36).
-24
Let c(v) = -v**3 - 18*v**2 - 82*v - 1091. Give c(-17).
14
Let v(r) = -2*r**3 - 119*r**2 + 60*r - 32. What is v(-60)?
-32
Let g(k) = -88*k + 675. Give g(8).
-29
Let p(j) = -179*j + 2671. What is p(15)?
-14
Let a(h) = -h**3 - 8*h**2 - 6*h - 34. Give a(-7).
-41
Let z(a) = -a**3 + 10*a**2 + 24*a + 144. Determine z(13).
-51
Let q(d) = 349*d + 70157. Determine q(-201).
8
Let h(g) = -8417*g - 67359. Calculate h(-8).
-23
Let w(v) = -3*v**3 - v**2 - 8*v - 7. Calculate w(-2).
29
Let a(s) = -s**2 - 55*s - 233. What is a(-52)?
-77
Let a(z) = -4*z**2 - 287*z - 3006. Calculate a(-59).
3
Let b(a) = -11*a - 280. Determine b(-31).
61
Let g(d) = 35*d + 1403. Determine g(-40).
3
Let k(p) = -38*p**2 - 616*p - 131. What is k(-16)?
-3
Let k(b) = -b**3 - 25*b**2 - 86*b + 182. What is k(-6)?
14
Let z(m) = -9*m - 98. Calculate z(-10).
-8
Let c(o) = -6*o**3 + 17*o**2 + 27*o - 119. What is c(5)?
-309
Let o(i) = i**2 - 238*i + 6408. Calculate o(207).
-9
Let m(x) = -141*x - 291. What is m(-2)?
-9
Let g(r) = -50*r**2 + 153*r - 11. What is g(3)?
-2
Let z(j) = -j**3 + 27*j**2 - 17*j - 312. Determine z(26).
-78
Let u(p) = 5*p**2 - 334*p - 1326. Determine u(-4).
90
Let p(h) = 45*h - 916. Give p(19).
-61
Let b(u) = 4*u**3 - 12*u**2 + 14*u - 1. Determine b(4).
119
Let y(n) = n**2 - 22*n + 247. What is y(11)?
126
Let h(p) = 14*p + 100. Determine h(-8).
-12
Let w(h) = -125*h + 8874. Calculate w(71).
-1
Let i(m) = 2*m**3 - 27*m**2 - 4*m + 8. Determine i(11).
-641
Let p(f) = 46369*f + 92738. What is p(-2)?
0
Let d(p) = 5*p**2 - 53*p + 132. What is d(5)?
-8
Let a(t) = -70*t + 1649. Give a(23).
39
Let p(l) = 494*l + 3. Determine p(0).
3
Let x(y) = 127*y + 1646. Calculate x(-13).
-5
Let v(p) = p**3 + 82*p**2 + 896*p - 110. Calculate v(-69).
-41
Let d(u) = -7*u**3 - u**2 + 4*u + 14. Determine d(-4).
430
Let b(d) = -5*d**3 - 9*d**2 - 23*d - 11. Give b(-3).
112
Let s(a) = 2013*a + 5946. What is s(-3)?
-93
Let z(t) = -t**3 + 4*t**2 - 8*t - 13. What is z(4)?
-45
Let n(k) = 4*k - 313. Calculate n(32).
-185
Let x(l) = -l**3 + 21*l**2 + 51*l + 101. Determine x(23).
216
Let h(v) = -4*v**3 + 12*v**2 - 26*v + 1. What is h(3)?
-77
Let z(p) = -17*p. Determine z(-6).
102
Let z(t) = -105*t - 816. Calculate z(-16).
864
Let g(i) = -40*i**3 + 5558*i**2 + 278*i - 7. What is g(139)?
-7
Let l(p) = p**3 - 26*p**2 - 57*p + 28. Determine l(28).
0
Let v(s) = 3*s**2 + 759*s + 4442. Determine v(-6).
-4
Let i(g) = g**3 + 274*g**2 + 230*g - 11751. Give i(-273).
-12
Let s(u) = u**2 - 60*u + 589. Determin